/(2/i). Calculate the highest common divisor of p and 2.
1
Let b = 87 + -73. Let d be 2/(8/7 + -1). What is the highest common factor of d and b?
14
Let h be 12 + 1/1 + -1. Let v be -1 + (-2 - -1) + 4. Let a(r) = 14*r**2 + 2*r. Let z be a(v). What is the greatest common divisor of z and h?
12
Let h = 7 + -4. What is the greatest common factor of 1 and h?
1
Let h be (-2274)/(-8) + 3/4. Let f = 201 - h. Let w = 132 + f. What is the highest common factor of w and 12?
12
Suppose 0 = -s - 0*d - 3*d + 87, 0 = s + 2*d - 84. What is the highest common factor of s and 26?
26
Suppose 3*y - 40 = y. What is the highest common divisor of y and 20?
20
Let a be (-4 + 4 - -134) + -4. What is the highest common factor of 26 and a?
26
Let s(o) = -o**3 + 6*o**2 + o - 3. Let k be s(6). What is the greatest common divisor of k and 9?
3
Let z(x) = -x**3 + 10*x**2 - 8*x + 2. Let n be 70/8 - 1/(-4). Let j be z(n). Let h = -51 - -95. What is the greatest common divisor of h and j?
11
Let g = 47 - -81. Suppose -5*b - g = -7*b. What is the greatest common factor of 16 and b?
16
Suppose 0 = m + 2*m. Suppose 0 = 5*u - m - 5. Let p be 19 + u - 0/3. What is the highest common factor of 120 and p?
20
Suppose 14 = 3*v + 5. Suppose v*l + 0 = 12. Suppose -l*a = a - 100. Calculate the highest common divisor of 5 and a.
5
Suppose 3*n = -4*l + 639, 2*n = -2*l + 4*l - 302. What is the greatest common factor of 12 and l?
12
Let d = 65 + -20. Let j be (-3)/(2 + 4)*-8. Suppose -a - j*a = -d. Calculate the highest common factor of a and 36.
9
Let w = -24 + 40. Let h(m) = -5*m**3 - 2*m**2 - 3*m + 2. Let f be h(-3). Calculate the highest common factor of f and w.
16
Suppose -32 - 25 = -2*l - 5*m, 4*l + 5*m - 89 = 0. Let y = 348 - 172. Calculate the highest common divisor of y and l.
16
Let q(r) = 4*r**2 + 2*r - 11. Let o be q(6). Calculate the greatest common factor of 29 and o.
29
Let h = 405 + -995. Let p be h/(-18) + 2/9. Calculate the greatest common factor of 3 and p.
3
Let j = 189 + -185. Let f be 1 + -1 + 1 + 3. Calculate the highest common divisor of f and j.
4
Suppose -5*i + 12 = -33. Let k = -6 + i. What is the greatest common factor of 3 and k?
3
Let w be 2/6 - (-304)/6. What is the highest common divisor of 17 and w?
17
Let d = -20 + 83. Suppose -q - 2*q = -d. What is the greatest common divisor of q and 14?
7
Suppose 9*h = 4*h + 2*t + 223, 4*t - 4 = 0. Calculate the highest common divisor of h and 5.
5
Suppose 12*j - 4*j = 88. Calculate the highest common factor of 33 and j.
11
Let t(z) be the second derivative of z**3/6 + z**2 + 2*z. Let r be t(0). Let l be (-76)/(-18) - r/9. Calculate the highest common divisor of 12 and l.
4
Let l be (-1107)/(-17) + (-4)/34. What is the highest common divisor of 26 and l?
13
Let p(t) = t + 12. Let q be p(-9). Suppose -q*s - 84 = -7*s. Suppose 0 = -5*h - 4*b + 20, -2*h + b + 0 = -s. What is the greatest common divisor of h and 56?
8
Let w be (-4)/(-22) - (-658)/11. Suppose 35 = 3*j - 37. What is the greatest common divisor of j and w?
12
Let y(x) = -3*x**2 - x + 2*x**2 - 5 + 4 + 4*x**2. Let v be y(2). What is the greatest common divisor of v and 6?
3
Let k be ((-12)/10)/(2/(-10)). Let d(x) = 27*x + 20. Let t be d(10). Let j be t/12 - 1/k. What is the highest common divisor of j and 12?
12
Let k(p) = -p**3 + 10*p**2 - 5*p + 9. Let z be k(8). Suppose 5*d - 3*h = z, 0*h = -d + 2*h + 18. What is the highest common factor of 4 and d?
4
Let z be (-12)/(-5) + 2/(-5). Let o be ((-4)/(-3))/(z/15). Calculate the highest common divisor of 50 and o.
10
Let a be (3 + 0 - 7) + 2. Let f be (-1)/(a/72 - 0). Calculate the greatest common factor of f and 24.
12
Let k = 2 - 14. Let q be (-4)/k - (-646)/6. Suppose -j - 29 = -2*f, 4*f + j - 23 = 20. Calculate the greatest common divisor of f and q.
12
Suppose -5*n + 27 = 3*c - 173, n - 3*c = 40. What is the greatest common divisor of 60 and n?
20
Suppose 2*s = t + 1, -t - 2*t + 17 = 4*s. Suppose 0 = -3*o + 1 + s. Let l be (o - (2 - 0))/(-1). Calculate the highest common factor of 11 and l.
1
Suppose -4*w + 3*v + 280 = 2*v, 0 = -3*w + v + 210. Let d(u) = u**2 + 11*u + 4. Let s be d(-9). Let y = s - -28. What is the highest common factor of w and y?
14
Let v be 32/(-6)*(-6)/(-2). Let a be -20*2/(v/6). Suppose -39 - 1 = -4*t + 5*n, 61 = 3*t + 4*n. What is the greatest common divisor of a and t?
15
Let b be 2 - -30 - (-4 - -4). What is the greatest common factor of b and 16?
16
Let l(j) = j**2 - 7*j + 4. Let d be l(8). Calculate the highest common factor of d and 48.
12
Let a(d) = -2*d + 3. Let n be a(0). Let r be (n - -12)*1 - 3. Suppose 0 = 4*g - 348 + 108. What is the greatest common divisor of r and g?
12
Let f(c) = -3*c**2 - 44*c + 16. Let l be f(-15). Calculate the greatest common factor of l and 1.
1
Let p be (-37)/((-20)/8 + 2). Let u = p + -34. What is the greatest common divisor of u and 16?
8
Let m = -16 + 34. Suppose 0 = -10*v + 5*v - d - 672, -4*d = 4*v + 528. Let a = v - -225. What is the greatest common divisor of m and a?
18
Let n be 45/(-6)*((-2064)/18)/4. What is the highest common divisor of n and 43?
43
Suppose 20 = 2*n + y - 1, 4*y = 4*n - 36. Suppose 3*t = 2*t + 30. Calculate the highest common factor of n and t.
10
Let w be (1 - -2)*4*(-42)/(-9). What is the greatest common divisor of w and 28?
28
Suppose 3*h + 6 = -12. Suppose 21 - 11 = m. Let l = h + m. Calculate the greatest common divisor of l and 36.
4
Let l(x) = x**3 + 6*x**2 + x - 7. Let g be l(-6). Let u be 18/(2 + g/7). Calculate the highest common factor of u and 18.
18
Let f = 7 - 5. Suppose -b = -f*b + 28. What is the highest common divisor of b and 7?
7
Suppose 2*v = -2*n + 3*n - 23, -n - 3*v = -3. Calculate the highest common divisor of 5 and n.
5
Let a(j) = -j**2 + 9*j + 8. Let i be a(9). Let n be 2/((-21)/12 - -2). Calculate the greatest common divisor of n and i.
8
Suppose 65 + 20 = -5*g. Let z = 34 + g. Let h = -9 + z. What is the greatest common factor of h and 48?
8
Suppose 114 = 5*v - a, -4*v - 2*a - 3*a = -97. Let q(m) = -5*m - 4. Let i be q(-3). Suppose -i*z = -7*z - 92. What is the highest common factor of z and v?
23
Let t be 1*((-12)/6 + (-256)/(-2)). Calculate the greatest common divisor of t and 18.
18
Let x = 507 + -207. Suppose -x = -5*h - 0*h. What is the highest common factor of h and 12?
12
Suppose a = -2*a. Suppose 18 = -a*j + 2*j. Let c be (-4)/6*81/(-6). Calculate the greatest common divisor of j and c.
9
Suppose -5*k - 10 = -5*j - 0*k, 4*k = 0. Suppose -36 = -j*a - 6. Let m = 26 - 11. What is the greatest common divisor of a and m?
15
Let n(k) = 0*k + 2*k - 4 - 5*k - k**3 - 4*k**2. Let o be n(-4). What is the greatest common divisor of o and 8?
8
Let a = -17 - -45. What is the greatest common divisor of 7 and a?
7
Let f(j) = -j**2 - 26*j - 34. Let c be f(-19). Calculate the greatest common divisor of 11 and c.
11
Suppose -94 = 5*x + 216. Let m be x/(-8) - (-4)/16. Let i(h) = -32*h**3 + h + 1. Let s be i(-1). Calculate the highest common factor of s and m.
8
Let v(m) = -20*m + 5 - 2*m + 2*m. Let t be v(-5). Let n = 1 + 14. Calculate the greatest common factor of n and t.
15
Let x(w) = 3*w + 40. Let y be x(0). What is the highest common factor of 5 and y?
5
Suppose -5*w + 22 = 2*m - 120, 26 = w + m. Calculate the greatest common factor of 15 and w.
15
Let d be 613/(-3) + (-14)/21. Let w = d + 301. Calculate the highest common factor of 12 and w.
12
Suppose -5*q + 3 = -m - 6, 3*q = 6. What is the highest common divisor of 1 and m?
1
Suppose 0 = -4*k + 6*k - 16. Calculate the greatest common factor of k and 88.
8
Let v be (-4)/(-14) - (-48)/28. Suppose 26 = v*s - 24. Let x be -20*(2 - 15/6). Calculate the greatest common divisor of x and s.
5
Let r = 5 - 3. Suppose -4*s + 38 = 5*t, -14 = -r*s - 0*t - 5*t. What is the greatest common factor of s and 8?
4
Let f = -10 - -25. Let h(t) = t**3 - t**2 + 131. Let u be h(0). Let i = u + -86. Calculate the highest common divisor of f and i.
15
Let t be (-145)/(-11) - (-30)/(-165). Let q(z) = z + 5. Let n be q(0). Let w = t - n. Calculate the highest common factor of w and 72.
8
Suppose 0*v - 5*v = 2*d - 6, 26 = 3*d - v. Calculate the greatest common divisor of 64 and d.
8
Suppose -3 = n, 0 = -6*b + 5*b - 3*n + 1. Suppose 51 = 5*m - 49. What is the greatest common 